prime factors of 14336565.
3, 5, 89, 10739
List the prime factors of 279090030.
2, 3, 5, 9303001
List the prime factors of 242226161.
37, 269, 24337
What are the prime factors of 53732353?
53732353
What are the prime factors of 85889797?
7, 17, 23, 4483
What are the prime factors of 75090267?
3, 7, 397303
What are the prime factors of 573258510?
2, 3, 5, 11, 31, 18679
What are the prime factors of 11435465?
5, 2287093
List the prime factors of 75711440.
2, 5, 7, 353, 383
What are the prime factors of 6403674475?
5, 11, 107, 283, 769
List the prime factors of 30207058.
2, 7, 379, 5693
What are the prime factors of 879963146?
2, 17, 79, 197, 1663
What are the prime factors of 104798955?
3, 5, 43, 47, 3457
List the prime factors of 218289363.
3, 419, 173659
List the prime factors of 2036539453.
13, 19, 107, 251, 307
List the prime factors of 4296961713.
3, 11, 130210961
List the prime factors of 16621514.
2, 7, 13, 271, 337
What are the prime factors of 86558392?
2, 37, 292427
List the prime factors of 548245024.
2, 17132657
What are the prime factors of 2690846902?
2, 1345423451
What are the prime factors of 30845969?
7, 11, 400597
What are the prime factors of 201445741?
7, 4547, 6329
List the prime factors of 6889244928.
2, 3, 79, 271, 419
List the prime factors of 504442385.
5, 29, 31, 112223
List the prime factors of 53859668.
2, 179, 75223
List the prime factors of 453910164.
2, 3, 2027, 18661
What are the prime factors of 49679?
7, 47, 151
List the prime factors of 1715027720.
2, 5, 7, 71, 86269
What are the prime factors of 207059685?
3, 5, 7, 23, 83, 1033
List the prime factors of 175429755.
3, 5, 19, 10799
What are the prime factors of 21143484?
2, 3, 137, 1429
What are the prime factors of 57749526?
2, 3, 37, 86711
List the prime factors of 124580445.
3, 5, 11, 755033
What are the prime factors of 35856126?
2, 3, 23, 257, 337
List the prime factors of 6249166901.
17, 1237, 297169
List the prime factors of 10162825.
5, 406513
List the prime factors of 2989713190.
2, 5, 23, 12998753
What are the prime factors of 7885690449?
3, 7, 13, 28885313
List the prime factors of 1073989970.
2, 5, 3041, 35317
What are the prime factors of 3304978508?
2, 13, 63557279
List the prime factors of 22763652.
2, 3, 23, 67, 1231
What are the prime factors of 289784045?
5, 67, 197, 4391
What are the prime factors of 683983978?
2, 341991989
List the prime factors of 133524208.
2, 41, 89, 2287
What are the prime factors of 432041421?
3, 7, 20573401
List the prime factors of 802967050.
2, 5, 16059341
What are the prime factors of 6144117760?
2, 5, 11, 127, 859
List the prime factors of 825593214.
2, 3, 313, 439613
List the prime factors of 2392205862.
2, 3, 167, 2387431
What are the prime factors of 23512014?
2, 3, 1306223
What are the prime factors of 499570038?
2, 3, 11, 101, 757
What are the prime factors of 26841950?
2, 5, 536839
List the prime factors of 1382598563.
23, 60112981
What are the prime factors of 637770362?
2, 149, 2140169
What are the prime factors of 889254425?
5, 2273, 15649
List the prime factors of 32811913.
32811913
What are the prime factors of 118787967?
3, 13198663
What are the prime factors of 1145088084?
2, 3, 7, 29, 277, 1697
What are the prime factors of 2249765107?
11213, 200639
List the prime factors of 2214078670.
2, 5, 23, 9626429
What are the prime factors of 121923028?
2, 59, 516623
List the prime factors of 38484430.
2, 5, 17, 226379
List the prime factors of 648042179.
648042179
List the prime factors of 31737591.
3, 107, 32957
List the prime factors of 890401667.
251, 3547417
List the prime factors of 1408863853.
41, 34362533
List the prime factors of 599122388.
2, 53, 73, 38713
List the prime factors of 58284238.
2, 67, 434957
List the prime factors of 82445300.
2, 5, 7, 117779
What are the prime factors of 2862412852?
2, 13, 19, 2897179
What are the prime factors of 4896002182?
2, 2383, 1027277
What are the prime factors of 430003966?
2, 7, 127, 241847
List the prime factors of 1710909357.
3, 570303119
List the prime factors of 2122609773.
3, 31, 53, 499, 863
List the prime factors of 243498120.
2, 3, 5, 557, 3643
List the prime factors of 672294900.
2, 3, 5, 421, 5323
What are the prime factors of 369227253?
3, 47, 2618633
List the prime factors of 258261878.
2, 7, 29, 197, 3229
What are the prime factors of 137809053?
3, 37, 137947
List the prime factors of 219345770.
2, 5, 7, 31, 101081
List the prime factors of 3197507917.
17, 751, 250451
What are the prime factors of 183796399?
41, 4482839
What are the prime factors of 1432470335?
5, 286494067
List the prime factors of 241678699.
89, 2715491
List the prime factors of 728199698.
2, 101, 281, 12829
What are the prime factors of 39180391?
691, 56701
What are the prime factors of 41385020?
2, 5, 2069251
List the prime factors of 11881962.
2, 3, 131, 5039
List the prime factors of 213211432.
2, 7, 97, 39251
What are the prime factors of 333087779?
79, 1973, 2137
List the prime factors of 208306150.
2, 5, 13, 320471
What are the prime factors of 3271731424?
2, 13, 499, 15761
List the prime factors of 168536762.
2, 84268381
What are the prime factors of 637664584?
2, 79708073
List the prime factors of 794684191.
7, 2393, 47441
List the prime factors of 2096736816.
2, 3, 53, 824189
List the prime factors of 2729084109.
3, 53, 17164051
What are the prime factors of 85310087?
2459, 34693
What are the prime factors of 5865510065?
5, 27239, 43067
What are the prime factors of 7035307628?
2, 33413, 52639
List the prime factors of 164144410.
2, 5, 16414441
What are the prime factors of 2874485812?
2, 11, 23, 419, 6779
What are the prime factors of 2074136165?
5, 414827233
What are the prime factors of 223353904?
2, 37, 377287
List the prime factors of 2400190259.
37, 1231, 52697
List the prime factors of 3341065687.
41, 443, 183949
What are the prime factors of 110965770?
2, 3, 5, 79, 15607
What are the prime factors of 1099465202?
2, 11, 49975691
What are the prime factors of 966788918?
2, 211, 2290969
What are the prime factors of 95704518?
2, 3, 7, 13, 23, 7621
What are the prime factors of 24430026?
2, 3, 107, 38053
What are the prime factors of 228420348?
2, 3, 13, 41, 71, 503
What are the prime factors of 266301182?
2, 7, 2717359
List the prime factors of 178734937.
47, 3802871
List the prime factors of 1148362358.
2, 11, 13, 29, 41, 307
What are the prime factors of 217721330?
2, 5, 307, 70919
What are the prime factors of 26820531?
3, 359, 2767
List the prime factors of 3765626523.
3, 139467649
List the prime factors of 98375868.
2, 3, 433, 6311
What are the prime factors of 4021565718?
2, 3, 670260953
What are the prime factors of 748692304?
2, 29, 67, 24083
What are the prime factors of 362728601?
19, 19090979
List the prime factors of 3094846166.
2, 137, 11295059
List the prime factors of 1043862125.
5, 8350897
What are the prime factors of 5088446074?
2, 227, 11208031
What are the prime factors of 559160723?
11, 4621163
What are the prime factors of 624570698?
2, 19, 977, 16823
List the prime factors of 106109031.
3, 7, 173, 29207
What are the prime factors of 77410124?
2, 11, 59, 29819
List the prime factors of 329679080.
2, 5, 53, 155509
List the prime factors of 183443318.
2, 173, 530183
What are the prime factors of 170576224?
2, 7, 13, 19, 3083
What are the prime factors of 64549095?
3, 5, 13, 47, 7043
List the prime factors of 125915143.
2647, 47569
List the prime factors of 7619056453.
7619056453
What are the prime factors of 1893153359?
37, 173, 295759
What are the prime factors of 591274061?
7, 84467723
What are the prime factors of 173614461?
3, 127, 455681
List the prime factors of 92368854.
2, 3, 17, 79, 3821
What are the prime factors of 429711135?
3, 5, 7, 89, 6569
List the prime factors of 23837020.
2, 5, 19, 149, 421
What are the prime factors of 51740344?
2, 19, 340397
What are the prime factors of 3180085878?
2, 3, 89, 577, 10321
What are the prime factors of 349148678?
2, 443, 394073
What are the prime factors of 80451585?
3, 5, 23, 77731
What are the prime factors of 240253353?
3, 2087, 12791
List the prime factors of 309697849.
6427, 48187
List the prime factors of 52514737.
11, 29, 164623
List the prime factors of 767564003.
47, 16331149
What